{"id":10,"date":"2026-03-10T12:09:48","date_gmt":"2026-03-10T12:09:48","guid":{"rendered":"https:\/\/unicloud.com.br\/plataformacursos\/?page_id=10"},"modified":"2026-03-10T17:26:04","modified_gmt":"2026-03-10T17:26:04","slug":"login","status":"publish","type":"page","link":"https:\/\/unicloud.com.br\/plataformacursos\/login\/","title":{"rendered":"Login"},"content":{"rendered":"\t\t<div data-elementor-type=\"wp-page\" data-elementor-id=\"10\" class=\"elementor elementor-10\" data-elementor-post-type=\"page\">\n\t\t\t\t<div class=\"elementor-element elementor-element-2d8ffc4 e-con-full e-flex e-con e-parent\" data-id=\"2d8ffc4\" data-element_type=\"container\" data-e-type=\"container\">\n\t\t<div class=\"elementor-element elementor-element-d756d8a e-con-full e-flex e-con e-child\" data-id=\"d756d8a\" data-element_type=\"container\" data-e-type=\"container\" data-settings=\"{&quot;background_background&quot;:&quot;classic&quot;}\">\n\t\t<div class=\"elementor-element elementor-element-fa69c86 e-con-full e-flex e-con e-child\" data-id=\"fa69c86\" data-element_type=\"container\" data-e-type=\"container\">\n\t\t\t\t<div class=\"elementor-element elementor-element-ed08e89 elementor-widget elementor-widget-image\" data-id=\"ed08e89\" data-element_type=\"widget\" data-e-type=\"widget\" data-widget_type=\"image.default\">\n\t\t\t\t\t\t\t\t\t\t\t\t\t\t\t\t<a href=\"http:\/\/agviral.com.br\">\n\t\t\t\t\t\t\t<img fetchpriority=\"high\" decoding=\"async\" width=\"592\" height=\"198\" src=\"https:\/\/unicloud.com.br\/plataformacursos\/wp-content\/uploads\/2026\/03\/LOGO-VIRAL-2022-WHITE-1.png\" class=\"attachment-large size-large wp-image-59\" alt=\"\" srcset=\"https:\/\/unicloud.com.br\/plataformacursos\/wp-content\/uploads\/2026\/03\/LOGO-VIRAL-2022-WHITE-1.png 592w, https:\/\/unicloud.com.br\/plataformacursos\/wp-content\/uploads\/2026\/03\/LOGO-VIRAL-2022-WHITE-1-300x100.png 300w\" sizes=\"(max-width: 592px) 100vw, 592px\" \/>\t\t\t\t\t\t\t\t<\/a>\n\t\t\t\t\t\t\t\t\t\t\t\t\t\t\t<\/div>\n\t\t\t\t<div class=\"elementor-element elementor-element-ab3e797 elementor-widget elementor-widget-heading\" data-id=\"ab3e797\" data-element_type=\"widget\" data-e-type=\"widget\" data-widget_type=\"heading.default\">\n\t\t\t\t\t<h2 class=\"elementor-heading-title elementor-size-default\">Copyright \u00a9 2023 - Home<br>\nTodos os direitos reservados<\/br><\/h2>\t\t\t\t<\/div>\n\t\t\t\t<\/div>\n\t\t\t\t<\/div>\n\t\t<div class=\"elementor-element elementor-element-0adc87b e-con-full e-flex e-con e-child\" data-id=\"0adc87b\" data-element_type=\"container\" data-e-type=\"container\">\n\t\t\t\t<div class=\"elementor-element elementor-element-a888b10 elementor-widget__width-initial elementor-widget elementor-widget-image\" data-id=\"a888b10\" data-element_type=\"widget\" data-e-type=\"widget\" data-widget_type=\"image.default\">\n\t\t\t\t\t\t\t\t\t\t\t\t\t\t\t<img decoding=\"async\" width=\"512\" height=\"512\" src=\"https:\/\/unicloud.com.br\/plataformacursos\/wp-content\/uploads\/2026\/03\/imgi_1_cropped-logo-1.png.webp\" class=\"attachment-large size-large wp-image-20\" alt=\"\" srcset=\"https:\/\/unicloud.com.br\/plataformacursos\/wp-content\/uploads\/2026\/03\/imgi_1_cropped-logo-1.png.webp 512w, https:\/\/unicloud.com.br\/plataformacursos\/wp-content\/uploads\/2026\/03\/imgi_1_cropped-logo-1.png-300x300.webp 300w, https:\/\/unicloud.com.br\/plataformacursos\/wp-content\/uploads\/2026\/03\/imgi_1_cropped-logo-1.png-150x150.webp 150w\" sizes=\"(max-width: 512px) 100vw, 512px\" \/>\t\t\t\t\t\t\t\t\t\t\t\t\t\t\t<\/div>\n\t\t\t\t<div class=\"elementor-element elementor-element-e425113 elementor-widget__width-initial elementor-widget elementor-widget-vc_login\" data-id=\"e425113\" data-element_type=\"widget\" data-e-type=\"widget\" data-widget_type=\"vc_login.default\">\n\t\t\t\t<div class=\"elementor-widget-container\">\n\t\t\t\t\t        <div class=\"pcvc-login-box\" id=\"pcvc-login-e425113\" data-active-panel=\"login\">\r\n\r\n            <style>\r\n                #pcvc-login-e425113 .pcvc-auth-panel{display:none !important;}\r\n                #pcvc-login-e425113 .pcvc-auth-panel.is-active{display:block !important;}\r\n                #pcvc-login-e425113 .pcvc-panel-title{\r\n                    display:block;\r\n                    margin:0 0 18px;\r\n                    font-size:22px;\r\n                    line-height:1.2;\r\n                    font-weight:700;\r\n                    color:#ffffff;\r\n                }\r\n            <\/style>\r\n\r\n            \r\n            <div class=\"pcvc-auth-panels\">\r\n\r\n                <div class=\"pcvc-auth-panel is-active\" data-panel=\"login\" style=\"display:block;\">\r\n                    <div class=\"pcvc-panel-title\">Entrar<\/div>\r\n\r\n                    <form method=\"post\" class=\"pcvc-login-form\" novalidate>\r\n                        <input type=\"hidden\" id=\"pcvc_auth_nonce\" name=\"pcvc_auth_nonce\" value=\"9eb42892e3\" \/><input type=\"hidden\" name=\"_wp_http_referer\" value=\"\/plataformacursos\/wp-json\/wp\/v2\/pages\/10\" \/>                        <input type=\"hidden\" name=\"pcvc_auth_action\" value=\"login\">\r\n\r\n                        <p>\r\n                            <label for=\"pcvc-login-e425113-login-email\">E-mail<\/label>\r\n                            <input type=\"email\" id=\"pcvc-login-e425113-login-email\" name=\"pcvc_login_email\" required>\r\n                        <\/p>\r\n\r\n                        <p>\r\n                            <label for=\"pcvc-login-e425113-login-password\">Senha<\/label>\r\n                            <input type=\"password\" id=\"pcvc-login-e425113-login-password\" name=\"pcvc_login_password\" required>\r\n                        <\/p>\r\n\r\n                        <p class=\"login-remember\">\r\n                            <input type=\"checkbox\" id=\"pcvc-login-e425113-remember\" name=\"pcvc_login_remember\" value=\"1\">\r\n                            <label for=\"pcvc-login-e425113-remember\">Lembrar login<\/label>\r\n                        <\/p>\r\n\r\n                        <p>\r\n                            <button type=\"submit\" class=\"button button-primary pcvc-login-submit\">Entrar<\/button>\r\n                        <\/p>\r\n                    <\/form>\r\n\r\n                    <div class=\"pcvc-login-actions\">\r\n                        <a href=\"#\" class=\"pcvc-switch-link\" data-target=\"register\">Cadastre-se<\/a>\r\n                        <a href=\"#\" class=\"pcvc-switch-link\" data-target=\"lost\">Esqueceu sua senha?<\/a>\r\n                    <\/div>\r\n                <\/div>\r\n\r\n                <div class=\"pcvc-auth-panel \" data-panel=\"register\" style=\"display:none;\">\r\n                    <div class=\"pcvc-panel-title\">Criar cadastro<\/div>\r\n\r\n                    <form method=\"post\" class=\"pcvc-register-form\" novalidate>\r\n                        <input type=\"hidden\" id=\"pcvc_auth_nonce\" name=\"pcvc_auth_nonce\" value=\"9eb42892e3\" \/><input type=\"hidden\" name=\"_wp_http_referer\" value=\"\/plataformacursos\/wp-json\/wp\/v2\/pages\/10\" \/>                        <input type=\"hidden\" name=\"pcvc_auth_action\" value=\"register\">\r\n\r\n                        <p>\r\n                            <label for=\"pcvc-login-e425113-register-email\">E-mail<\/label>\r\n                            <input type=\"email\" id=\"pcvc-login-e425113-register-email\" name=\"pcvc_register_email\" required>\r\n                        <\/p>\r\n\r\n                        <p>\r\n                            <label for=\"pcvc-login-e425113-register-password\">Senha<\/label>\r\n                            <input type=\"password\" id=\"pcvc-login-e425113-register-password\" name=\"pcvc_register_password\" required>\r\n                        <\/p>\r\n\r\n                        <p>\r\n                            <button type=\"submit\" class=\"button button-primary pcvc-register-submit\">Criar cadastro<\/button>\r\n                        <\/p>\r\n                    <\/form>\r\n\r\n                    <div class=\"pcvc-back-wrap\">\r\n                        <a href=\"#\" class=\"pcvc-switch-link\" data-target=\"login\">Voltar para login<\/a>\r\n                    <\/div>\r\n                <\/div>\r\n\r\n                <div class=\"pcvc-auth-panel \" data-panel=\"lost\" style=\"display:none;\">\r\n                    <div class=\"pcvc-panel-title\">Recuperar senha<\/div>\r\n\r\n                    <form method=\"post\" class=\"pcvc-lost-password-form\" novalidate>\r\n                        <input type=\"hidden\" id=\"pcvc_auth_nonce\" name=\"pcvc_auth_nonce\" value=\"9eb42892e3\" \/><input type=\"hidden\" name=\"_wp_http_referer\" value=\"\/plataformacursos\/wp-json\/wp\/v2\/pages\/10\" \/>                        <input type=\"hidden\" name=\"pcvc_auth_action\" value=\"lost_password\">\r\n\r\n                        <p>\r\n                            <label for=\"pcvc-login-e425113-lost-email\">E-mail<\/label>\r\n                            <input type=\"email\" id=\"pcvc-login-e425113-lost-email\" name=\"pcvc_lost_email\" required>\r\n                        <\/p>\r\n\r\n                        <p>\r\n                            <button type=\"submit\" class=\"button button-primary pcvc-lost-password-submit\">Enviar senha tempor\u00e1ria<\/button>\r\n                        <\/p>\r\n                    <\/form>\r\n\r\n                    <div class=\"pcvc-back-wrap\">\r\n                        <a href=\"#\" class=\"pcvc-switch-link\" data-target=\"login\">Voltar para login<\/a>\r\n                    <\/div>\r\n                <\/div>\r\n\r\n            <\/div>\r\n\r\n            <script>\r\n                (function(){\r\n                    var root = document.getElementById('pcvc-login-e425113');\r\n                    if(!root) return;\r\n\r\n                    function openPanel(panel){\r\n                        var panels = root.querySelectorAll('.pcvc-auth-panel');\r\n                        panels.forEach(function(el){\r\n                            el.classList.remove('is-active');\r\n                            el.style.display = 'none';\r\n                        });\r\n\r\n                        var target = root.querySelector('.pcvc-auth-panel[data-panel=\"' + panel + '\"]');\r\n                        if(target){\r\n                            target.classList.add('is-active');\r\n                            target.style.display = 'block';\r\n                            root.setAttribute('data-active-panel', panel);\r\n                        }\r\n                    }\r\n\r\n                    openPanel('login');\r\n\r\n                    root.querySelectorAll('.pcvc-switch-link').forEach(function(link){\r\n                        link.addEventListener('click', function(e){\r\n                            e.preventDefault();\r\n                            var panel = this.getAttribute('data-target');\r\n                            if(panel){\r\n                                openPanel(panel);\r\n                            }\r\n                        });\r\n                    });\r\n\r\n                    setTimeout(function(){ openPanel(root.getAttribute('data-active-panel') || 'login'); }, 100);\r\n                    setTimeout(function(){ openPanel(root.getAttribute('data-active-panel') || 'login'); }, 500);\r\n                })();\r\n            <\/script>\r\n        <\/div>\r\n        \t\t\t\t<\/div>\n\t\t\t\t<\/div>\n\t\t\t\t<\/div>\n\t\t\t\t<\/div>\n\t\t\t\t<\/div>\n\t\t","protected":false},"excerpt":{"rendered":"<p>Copyright \u00a9 2023 &#8211; Home Todos os direitos reservados Voc\u00ea j\u00e1 est\u00e1 logado.<\/p>\n","protected":false},"author":1,"featured_media":0,"parent":0,"menu_order":0,"comment_status":"closed","ping_status":"closed","template":"elementor_canvas","meta":{"footnotes":""},"class_list":["post-10","page","type-page","status-publish","hentry"],"_links":{"self":[{"href":"https:\/\/unicloud.com.br\/plataformacursos\/wp-json\/wp\/v2\/pages\/10","targetHints":{"allow":["GET"]}}],"collection":[{"href":"https:\/\/unicloud.com.br\/plataformacursos\/wp-json\/wp\/v2\/pages"}],"about":[{"href":"https:\/\/unicloud.com.br\/plataformacursos\/wp-json\/wp\/v2\/types\/page"}],"author":[{"embeddable":true,"href":"https:\/\/unicloud.com.br\/plataformacursos\/wp-json\/wp\/v2\/users\/1"}],"replies":[{"embeddable":true,"href":"https:\/\/unicloud.com.br\/plataformacursos\/wp-json\/wp\/v2\/comments?post=10"}],"version-history":[{"count":64,"href":"https:\/\/unicloud.com.br\/plataformacursos\/wp-json\/wp\/v2\/pages\/10\/revisions"}],"predecessor-version":[{"id":129,"href":"https:\/\/unicloud.com.br\/plataformacursos\/wp-json\/wp\/v2\/pages\/10\/revisions\/129"}],"wp:attachment":[{"href":"https:\/\/unicloud.com.br\/plataformacursos\/wp-json\/wp\/v2\/media?parent=10"}],"curies":[{"name":"wp","href":"https:\/\/api.w.org\/{rel}","templated":true}]}}